211172?
7
What is the hundred thousands digit of 37828884?
8
What is the thousands digit of 52727659?
7
What is the hundred thousands digit of 863157712?
1
What is the ten thousands digit of 714050541?
5
What is the ten millions digit of 312559898?
1
What is the ten thousands digit of 1973157323?
5
What is the hundreds digit of 861735755?
7
What is the ten millions digit of 7679128273?
7
What is the hundred thousands digit of 41288846?
2
What is the millions digit of 1217058571?
7
What is the hundred millions digit of 667331359?
6
What is the billions digit of 3303442303?
3
What is the hundreds digit of 1340492053?
0
What is the units digit of 1925291882?
2
What is the ten millions digit of 177595242?
7
What is the ten thousands digit of 146012769?
1
What is the thousands digit of 25683588?
3
What is the hundred thousands digit of 37265294?
2
What is the units digit of 5852107?
7
What is the units digit of 1615512765?
5
What is the units digit of 347152768?
8
What is the ten millions digit of 293136620?
9
What is the thousands digit of 632477952?
7
What is the millions digit of 3824038307?
4
What is the units digit of 394507081?
1
What is the hundred thousands digit of 346436465?
4
What is the units digit of 28335259?
9
What is the thousands digit of 67636074?
6
What is the hundred thousands digit of 145792170?
7
What is the hundred millions digit of 777777041?
7
What is the tens digit of 31827104?
0
What is the units digit of 1264311730?
0
What is the ten millions digit of 47179185?
4
What is the tens digit of 4395167892?
9
What is the tens digit of 75913065?
6
What is the hundred thousands digit of 44730832?
7
What is the units digit of 6224651588?
8
What is the hundred millions digit of 139209443?
1
What is the tens digit of 523341448?
4
What is the thousands digit of 497827274?
7
What is the hundred thousands digit of 529000611?
0
What is the ten thousands digit of 23413984?
1
What is the millions digit of 19489086?
9
What is the units digit of 76607094?
4
What is the hundred millions digit of 186772275?
1
What is the thousands digit of 3788420369?
0
What is the tens digit of 408706259?
5
What is the hundred thousands digit of 189860888?
8
What is the millions digit of 534127509?
4
What is the tens digit of 300114142?
4
What is the ten thousands digit of 111076302?
7
What is the tens digit of 168768735?
3
What is the ten thousands digit of 20500011?
0
What is the millions digit of 13090021?
3
What is the thousands digit of 751749690?
9
What is the ten thousands digit of 27177256?
7
What is the thousands digit of 248348234?
8
What is the hundred thousands digit of 101998262?
9
What is the ten thousands digit of 24934567?
3
What is the hundred thousands digit of 310447435?
4
What is the tens digit of 2592573686?
8
What is the millions digit of 386329181?
6
What is the units digit of 36979817?
7
What is the ten millions digit of 4818938152?
1
What is the ten thousands digit of 112003554?
0
What is the hundreds digit of 64520998?
9
What is the billions digit of 3425850512?
3
What is the hundred thousands digit of 1705101445?
1
What is the hundred thousands digit of 1383308250?
3
What is the millions digit of 863164194?
3
What is the units digit of 11711280?
0
What is the ten millions digit of 144596105?
4
What is the hundred millions digit of 4832919996?
8
What is the hundred thousands digit of 98928497?
9
What is the tens digit of 1925777427?
2
What is the hundreds digit of 794335741?
7
What is the hundreds digit of 1226234955?
9
What is the millions digit of 122397794?
2
What is the hundreds digit of 63103718?
7
What is the tens digit of 34409000?
0
What is the hundreds digit of 7205205?
2
What is the units digit of 100369054?
4
What is the billions digit of 3411874937?
3
What is the ten millions digit of 52982497?
5
What is the thousands digit of 805387774?
7
What is the hundred millions digit of 595157249?
5
What is the ten millions digit of 269123858?
6
What is the ten millions digit of 50357316?
5
What is the millions digit of 266506897?
6
What is the millions digit of 344874928?
4
What is the hundred millions digit of 5352906677?
3
What is the hundred millions digit of 155565871?
1
What is the ten millions digit of 3714413803?
1
What is the ten thousands digit of 166324803?
2
What is the ten thousands digit of 2335802382?
0
What is the tens digit of 216049221?
2
What is the units digit of 12115292?
2
What is the ten millions digit of 1700728678?
0
What is the hundreds digit of 222791255?
2
What is the tens digit of 3006792814?
1
What is the ten thousands digit of 736817991?
1
What is the millions digit of 98712657?
8
What is the hundreds digit of 591106918?
9
What is the tens digit of 479807537?
3
What is the tens digit of 69165949?
4
What is the thousands digit of 8251225?
1
What is the hundreds digit of 2991796184?
1
What is the hundred thousands digit of 7632085?
6
What is the tens digit of 6826895579?
7
What is the millions digit of 6926796558?
6
What is the hundred thousands digit of 91989679?
9
What is the hundred thousands digit of 191959780?
9
What is the hundreds digit of 1204375539?
5
What is the hundred millions digit of 1902199503?
9
What is the ten thousands digit of 458121975?
2
What is the millions digit of 81254711?
1
What is the thousands digit of 83892664?
2
What is the hundred thousands digit of 195462444?
4
What is the tens digit of 43711708?
0
What is the hundreds digit of 5788567724?
7
What is the hundred millions digit of 620539306?
6
What is the hundred thousands digit of 842513698?
5
What is the units digit of 988327447?
7
What is the tens digit of 89362862?
6
What is the units digit of 77163050?
0
What is the billions digit of 1909411410?
1
What is the ten thousands digit of 162163875?
6
What is the ten millions digit of 60539188?
6
What is the thousands digit of 10894484?
4
What is the hundreds digit of 63644226?
2
What is the millions digit of 713581191?
3
What is the millions digit of 371029601?
1
What is the tens digit of 238756330?
3
What is the ten millions digit of 382118111?
8
What is the units digit of 4448689?
9
What is the units digit of 1619647129?
9
What is the ten thousands digit of 105695480?
9
What is the hundred millions digit of 1948006018?
9
What is the millions digit of 111187828?
1
What is the ten millions digit of 116307371?
1
What is the millions digit of 17784595?
7
What is the units digit of 1565892934?
4
What is the tens digit of 24492671?
7
What is the units digit of 5412665?
5
What is the hundreds digit of 94243660?
6
What is the tens digit of 25293180?
8
What is the units digit of 183083243?
3
What is the hundred millions digit of 417093780?
4
What is the millions digit of 31857732?
1
What is the hundred thousands digit of 17314573?
3
What is the ten millions digit of 92359117?
9
What is the tens digit of 202519244?
4
What is the ten millions digit of 54612839?
5
What is the units digit of 193378887?
7
What is the hundreds digit of 174288651?
6
What is the units digit of 493677221?
1
What is the hundred thousands digit of 2283575906?
5
What is the hundred thousands digit of 334461879?
4
What is the units digit of 412680661?
1
What is the millions digit of 35332550?
5
What is the hundred millions digit of 907169605?
9
What is the hundred millions digit of 928837220?
9
What is the hundred thousands digit of 316727510?
7
What is the millions digit of 45759420?
5
What is the hundred thousands digit of 284843442?
8
What is the ten millions digit of 83027355?
8
What is the hundreds digit of 867101326?
3
What is the millions digit of 2067232312?
7
What is the ten thousands digit of 83563695?
6
What is the units digit of 26424364?
4
What is the hundred thousands digit of 21481867?
4
What is the ten thousands digit of 50401159?
0
What is the hundred thousands digit of 286780083?
7
What is the hundreds digit of 147615735?
7
What is the ten thousands digit of 48083010?
8
What is the thousands digit of 1659917495?
7
What is the millions digit of 174025305?
4
What is the hundred millions digit of 432763847?
4
What is the tens digit of 31338989?
8
What is the units digit of 30246814?
4
What is the hundred thousands digit of 3251124?
2
What is the millions digit of 632122558?
2
What is the mi